{"id":451,"date":"2026-04-27T21:20:27","date_gmt":"2026-04-27T21:20:27","guid":{"rendered":"https:\/\/anagua.com.br\/?page_id=451"},"modified":"2026-04-27T21:23:53","modified_gmt":"2026-04-27T21:23:53","slug":"instrucao-para-coleta","status":"publish","type":"page","link":"https:\/\/anagua.com.br\/?page_id=451","title":{"rendered":"Instru\u00e7\u00e3o para coleta"},"content":{"rendered":"<p>[et_pb_section fb_built=&#8221;1&#8243; theme_builder_area=&#8221;post_content&#8221; _builder_version=&#8221;4.27.5&#8243; _module_preset=&#8221;default&#8221;][et_pb_row _builder_version=&#8221;4.27.5&#8243; _module_preset=&#8221;default&#8221; theme_builder_area=&#8221;post_content&#8221;][et_pb_column _builder_version=&#8221;4.27.5&#8243; _module_preset=&#8221;default&#8221; type=&#8221;4_4&#8243; theme_builder_area=&#8221;post_content&#8221;][et_pb_text _builder_version=&#8221;4.27.5&#8243; _module_preset=&#8221;default&#8221; theme_builder_area=&#8221;post_content&#8221; hover_enabled=&#8221;0&#8243; sticky_enabled=&#8221;0&#8243;]<\/p>\n<p data-start=\"44\" data-end=\"102\"><strong data-start=\"44\" data-end=\"102\">INSTRU\u00c7\u00c3O PARA COLETA DE \u00c1GUA AN\u00c1LISES BACTERIOL\u00d3GICAS<\/strong><\/p>\n<p data-start=\"104\" data-end=\"232\">A coleta das amostras deve ser feita com o uso de t\u00e9cnicas adequadas para evitar a introdu\u00e7\u00e3o de contaminantes ou interferentes.<\/p>\n<p data-start=\"234\" data-end=\"469\"><strong data-start=\"234\" data-end=\"264\">Para coletas em Torneiras:<\/strong><br \/>Realizar a assepsia da torneira com algod\u00e3o embebido em \u00e1lcool. Abra a torneira completamente e deixe a \u00e1gua fluir livremente por 5 minutos ou por um tempo suficiente para permitir a limpeza da tubula\u00e7\u00e3o.<\/p>\n<p data-start=\"471\" data-end=\"613\"><strong data-start=\"471\" data-end=\"529\">Para coletas realizadas diretamente em Po\u00e7o Artesiano:<\/strong><br \/>Bombear a \u00e1gua por 5 a 10 minutos ou at\u00e9 que a temperatura tenha se estabilizado.<\/p>\n<ul data-start=\"614\" data-end=\"776\">\n<li data-section-id=\"1yv6ody\" data-start=\"614\" data-end=\"776\">Caso n\u00e3o haja nenhum sistema de bombeamento colete a amostra diretamente do po\u00e7o, utilizando um balde, e com a ajuda de um caneco esterilizado realize a coleta.<\/li>\n<\/ul>\n<p data-start=\"778\" data-end=\"827\"><strong data-start=\"778\" data-end=\"827\">COLETE AS AMOSTRAS SEGUINDO A SEGUINTE ORDEM:<\/strong><\/p>\n<ul data-start=\"828\" data-end=\"1031\">\n<li data-section-id=\"hkm1ar\" data-start=\"828\" data-end=\"881\">Abra o frasco somente na hora em que for coletar.<\/li>\n<li data-section-id=\"1eki0vr\" data-start=\"882\" data-end=\"953\">N\u00e3o precisa enxaguar o frasco, pois o mesmo possui uma preserva\u00e7\u00e3o.<\/li>\n<li data-section-id=\"1mhxfc6\" data-start=\"954\" data-end=\"1031\">Encher o frasco deixando um espa\u00e7o de pelo menos 2,5 cm, e agit\u00e1-lo depois.<\/li>\n<\/ul>\n<p data-start=\"1033\" data-end=\"1056\"><strong data-start=\"1033\" data-end=\"1056\">CUIDADOS ESPECIAIS:<\/strong><\/p>\n<ul data-start=\"1057\" data-end=\"1484\">\n<li data-section-id=\"16mdgmo\" data-start=\"1057\" data-end=\"1092\">Utilizar luvas para cada ponto.<\/li>\n<li data-section-id=\"ccscsi\" data-start=\"1093\" data-end=\"1142\">Ap\u00f3s a coleta colocar os frascos no pl\u00e1stico.<\/li>\n<li data-section-id=\"18xh168\" data-start=\"1143\" data-end=\"1230\">Conserve sob refrigera\u00e7\u00e3o at\u00e9 a entrega ao Laborat\u00f3rio, trazer as amostras no gelo.<\/li>\n<li data-section-id=\"w2lugi\" data-start=\"1231\" data-end=\"1303\">Utilizar um balde, um caneco esterilizado para cada ponto de coleta.<\/li>\n<li data-section-id=\"dbqxoa\" data-start=\"1304\" data-end=\"1484\"><strong data-start=\"1306\" data-end=\"1318\">CUIDADO:<\/strong> Preservante no frasco: Coletar a \u00e1gua com o frasco verticalmente, tomando o cuidado para que o preservante n\u00e3o entre em contato com o coletor fechando-o rapidamente.<\/li>\n<\/ul>\n<p data-start=\"1486\" data-end=\"1508\"><strong data-start=\"1486\" data-end=\"1508\">OBS: Favor anotar:<\/strong><\/p>\n<ul data-start=\"1509\" data-end=\"1599\">\n<li data-section-id=\"x3sux5\" data-start=\"1509\" data-end=\"1529\">Ponto de coleta:<\/li>\n<li data-section-id=\"1mr666v\" data-start=\"1530\" data-end=\"1549\">Data da coleta:<\/li>\n<li data-section-id=\"ddgedj\" data-start=\"1550\" data-end=\"1572\">Hor\u00e1rio da coleta:<\/li>\n<li data-section-id=\"1th6nlu\" data-start=\"1573\" data-end=\"1599\">Respons\u00e1vel pela coleta:<\/li>\n<\/ul>\n<p>[\/et_pb_text][\/et_pb_column][\/et_pb_row][\/et_pb_section]<\/p>\n","protected":false},"excerpt":{"rendered":"<p>INSTRU\u00c7\u00c3O PARA COLETA DE \u00c1GUA AN\u00c1LISES BACTERIOL\u00d3GICAS A coleta das amostras deve ser feita com o uso de t\u00e9cnicas adequadas para evitar a introdu\u00e7\u00e3o de contaminantes ou interferentes. Para coletas em Torneiras:Realizar a assepsia da torneira com algod\u00e3o embebido em \u00e1lcool. Abra a torneira completamente e deixe a \u00e1gua fluir livremente por 5 minutos ou [&hellip;]<\/p>\n","protected":false},"author":1,"featured_media":0,"parent":0,"menu_order":0,"comment_status":"closed","ping_status":"closed","template":"","meta":{"_et_pb_use_builder":"on","_et_pb_old_content":"","_et_gb_content_width":"","footnotes":""},"class_list":["post-451","page","type-page","status-publish","hentry"],"_links":{"self":[{"href":"https:\/\/anagua.com.br\/index.php?rest_route=\/wp\/v2\/pages\/451","targetHints":{"allow":["GET"]}}],"collection":[{"href":"https:\/\/anagua.com.br\/index.php?rest_route=\/wp\/v2\/pages"}],"about":[{"href":"https:\/\/anagua.com.br\/index.php?rest_route=\/wp\/v2\/types\/page"}],"author":[{"embeddable":true,"href":"https:\/\/anagua.com.br\/index.php?rest_route=\/wp\/v2\/users\/1"}],"replies":[{"embeddable":true,"href":"https:\/\/anagua.com.br\/index.php?rest_route=%2Fwp%2Fv2%2Fcomments&post=451"}],"version-history":[{"count":2,"href":"https:\/\/anagua.com.br\/index.php?rest_route=\/wp\/v2\/pages\/451\/revisions"}],"predecessor-version":[{"id":455,"href":"https:\/\/anagua.com.br\/index.php?rest_route=\/wp\/v2\/pages\/451\/revisions\/455"}],"wp:attachment":[{"href":"https:\/\/anagua.com.br\/index.php?rest_route=%2Fwp%2Fv2%2Fmedia&parent=451"}],"curies":[{"name":"wp","href":"https:\/\/api.w.org\/{rel}","templated":true}]}}