{"id":43,"date":"2025-09-26T14:11:48","date_gmt":"2025-09-26T14:11:48","guid":{"rendered":"https:\/\/zealous-perlman.104-156-48-234.plesk.page\/?page_id=43"},"modified":"2025-09-26T15:25:34","modified_gmt":"2025-09-26T15:25:34","slug":"analises","status":"publish","type":"page","link":"https:\/\/anagua.com.br\/?page_id=43","title":{"rendered":"AN\u00c1LISES"},"content":{"rendered":"<p>[et_pb_section fb_built=&#8221;1&#8243; _builder_version=&#8221;4.27.4&#8243; _module_preset=&#8221;default&#8221; global_colors_info=&#8221;{}&#8221;][et_pb_row _builder_version=&#8221;4.27.4&#8243; _module_preset=&#8221;default&#8221; global_colors_info=&#8221;{}&#8221;][et_pb_column type=&#8221;4_4&#8243; _builder_version=&#8221;4.27.4&#8243; _module_preset=&#8221;default&#8221; global_colors_info=&#8221;{}&#8221;][et_pb_text _builder_version=&#8221;4.27.4&#8243; _module_preset=&#8221;default&#8221; hover_enabled=&#8221;0&#8243; global_colors_info=&#8221;{}&#8221; sticky_enabled=&#8221;0&#8243;]<\/p>\n<p><span style=\"font-size: xx-large;\">Guia de An\u00e1lises<\/span><\/p>\n<p><strong><span style=\"font-size: large;\">KIT 1 \u2013 An\u00e1lise Completa<\/span><\/strong><\/p>\n<p>Prazo: 20 dias<br \/>Materiais: 7 Frascos + Isopor + \u00c1lcool + Luvas + Instru\u00e7\u00f5es + Anota\u00e7\u00f5es<br \/>Natureza da amostra: \u00c1gua pot\u00e1vel, nascente, po\u00e7o artesiano, \u00e1gua bruta<br \/>Portaria: GM\/MS N\u00ba 888 de 4 de maio de 2021<\/p>\n<p>Par\u00e2metros analisados:<\/p>\n<p>Turbidez<\/p>\n<p>Dureza total<\/p>\n<p>Ferro total (mg\/l)<\/p>\n<p>Mangan\u00eas total (mg\/l)<\/p>\n<p>Residual de cloro<\/p>\n<p>Cor aparente<\/p>\n<p>Escherichia coli<\/p>\n<p>pH<\/p>\n<p>Coliformes totais<\/p>\n<p><strong><span style=\"font-size: large;\">KIT 2 \u2013 An\u00e1lise Comercial<\/span><\/strong><\/p>\n<p>Prazo: 20 dias<br \/>Materiais: 7 Frascos + Isopor + \u00c1lcool + Luvas + Instru\u00e7\u00f5es + Anota\u00e7\u00f5es<br \/>Natureza da amostra: \u00c1gua pot\u00e1vel e tratada (consumo humano, hospitais, restaurantes, com\u00e9rcios, resid\u00eancias e prefeituras)<br \/>Portaria: GM\/MS N\u00ba 888 de 4 de maio de 2021<\/p>\n<p>Par\u00e2metros analisados:<\/p>\n<p>Turbidez<\/p>\n<p>Residual de cloro<\/p>\n<p>Coliformes totais<\/p>\n<p>Fluoreto<\/p>\n<p>Cor aparente<\/p>\n<p>pH<\/p>\n<p>Escherichia coli<\/p>\n<p>KIT 3 \u2013 An\u00e1lise Microbiol\u00f3gica<br \/>Prazo: 8 dias<br \/>Materiais: 1 Frasco + Isopor + \u00c1lcool + Luvas + Instru\u00e7\u00f5es + Anota\u00e7\u00f5es<br \/>Natureza da amostra: \u00c1gua pot\u00e1vel, nascente, po\u00e7o artesiano, \u00e1gua bruta<br \/>Portaria: GM\/MS N\u00ba 888 de 4 de maio de 2021<\/p>\n<p>Par\u00e2metros analisados:<\/p>\n<p>Coliformes totais<\/p>\n<p>Coliformes termotolerantes<\/p>\n<p>Escherichia coli<\/p>\n<p><strong><span style=\"font-size: large;\">KIT 4 \u2013 An\u00e1lise\/Exame Caixa Separadora<\/span><\/strong><\/p>\n<p>Prazo: 20 dias<br \/>Materiais: 12 Frascos pl\u00e1sticos + 4 Frascos de vidro \u00e2mbar + 2 pares de luvas + 2 canecos + \u00c1lcool + Instru\u00e7\u00f5es + Anota\u00e7\u00f5es<br \/>Natureza da amostra: Efluentes, postos de gasolina, oficinas mec\u00e2nicas, lava-jatos, ind\u00fastrias e minera\u00e7\u00e3o<br \/>Portaria: Delibera\u00e7\u00e3o Normativa Conjunta COPAM-CERH\/MG N\u00ba 8, de 21 de novembro de 2022<\/p>\n<p>Par\u00e2metros analisados:<\/p>\n<p>Exame caixa separadora \u00e1gua\/\u00f3leo (entrada e sa\u00edda)<\/p>\n<p>Demanda bioqu\u00edmica de oxig\u00eanio (DBO)<\/p>\n<p>S\u00f3lidos sedimentais<\/p>\n<p>S\u00f3lidos suspensos totais<\/p>\n<p>Surfactantes<\/p>\n<p>Demanda qu\u00edmica de oxig\u00eanio (DQO)<\/p>\n<p>Graxas<\/p>\n<p>\u00d3leos<\/p>\n<p><strong><span style=\"font-size: large;\">KIT 5 \u2013 An\u00e1lise Super Completa<\/span><\/strong><\/p>\n<p>Prazo: 20 dias<br \/>Materiais: 8 Frascos pl\u00e1sticos + 1 Frasco de vidro \u00e2mbar + Luvas + \u00c1lcool + Instru\u00e7\u00f5es + Anota\u00e7\u00f5es<br \/>Natureza da amostra: Efluentes, po\u00e7o artesiano, oficinas mec\u00e2nicas, lava-jatos, ind\u00fastrias e minera\u00e7\u00e3o<br \/>Portaria: GM\/MS N\u00ba 888 de 4 de maio de 2021<\/p>\n<p>Par\u00e2metros analisados:<\/p>\n<p>Turbidez<\/p>\n<p>Ferro total<\/p>\n<p>Dureza total<\/p>\n<p>Odor e gosto<\/p>\n<p>Am\u00f4nia<\/p>\n<p>Alum\u00ednio<\/p>\n<p>Mangan\u00eas total<\/p>\n<p>S\u00f3dio<\/p>\n<p>Sulfato<\/p>\n<p>Zinco<\/p>\n<p>Cloro residual<\/p>\n<p>pH<\/p>\n<p>Coliformes totais<\/p>\n<p>Sulfeto de hidrog\u00eanio<\/p>\n<p>Cor aparente<\/p>\n<p>Cloretos<\/p>\n<p>Escherichia coli<\/p>\n<p>S\u00f3lidos totais dissolvidos<\/p>\n<p><strong><span style=\"font-size: large;\">KIT 6 \u2013 An\u00e1lise Simples<\/span><\/strong><\/p>\n<p>Prazo: 20 dias<br \/>Materiais: 2 Frascos + \u00c1lcool + Isopor + Luvas + Instru\u00e7\u00f5es + Anota\u00e7\u00f5es<br \/>Natureza da amostra: \u00c1gua sem tratamento, po\u00e7o artesiano, nascente, \u00e1gua pot\u00e1vel<br \/>Portaria: GM\/MS N\u00ba 888 de 4 de maio de 2021<\/p>\n<p>Par\u00e2metros analisados:<\/p>\n<p>Coliformes totais<\/p>\n<p>Escherichia coli<\/p>\n<p>Ferro total<\/p>\n<p>Mangan\u00eas total<\/p>\n<p><strong><span style=\"font-size: large;\">KIT 7 \u2013 An\u00e1lise Simples com Dureza<\/span><\/strong><\/p>\n<p>Prazo: 20 dias<br \/>Materiais: 3 Frascos + \u00c1lcool + Isopor + Luvas + Instru\u00e7\u00f5es + Anota\u00e7\u00f5es<br \/>Natureza da amostra: \u00c1gua sem tratamento, po\u00e7o artesiano, nascente, \u00e1gua pot\u00e1vel<br \/>Portaria: GM\/MS N\u00ba 888 de 4 de maio de 2021<\/p>\n<p>Par\u00e2metros analisados:<\/p>\n<p>Coliformes totais<\/p>\n<p>Escherichia coli<\/p>\n<p>Ferro total<\/p>\n<p>Mangan\u00eas total<\/p>\n<p>Dureza total<\/p>\n<p><span style=\"font-size: large;\"><strong>ANAGUA:<\/strong><\/span><br \/><span style=\"font-size: large;\"><strong>(33) 32717614<\/strong><\/span><br \/><span style=\"font-size: large;\"><strong>(33) 991357109<\/strong><\/span><\/p>\n<p>[\/et_pb_text][\/et_pb_column][\/et_pb_row][\/et_pb_section]<\/p>\n","protected":false},"excerpt":{"rendered":"<p>Guia de An\u00e1lises KIT 1 \u2013 An\u00e1lise Completa Prazo: 20 diasMateriais: 7 Frascos + Isopor + \u00c1lcool + Luvas + Instru\u00e7\u00f5es + Anota\u00e7\u00f5esNatureza da amostra: \u00c1gua pot\u00e1vel, nascente, po\u00e7o artesiano, \u00e1gua brutaPortaria: GM\/MS N\u00ba 888 de 4 de maio de 2021 Par\u00e2metros analisados: Turbidez Dureza total Ferro total (mg\/l) Mangan\u00eas total (mg\/l) Residual de cloro [&hellip;]<\/p>\n","protected":false},"author":1,"featured_media":0,"parent":0,"menu_order":0,"comment_status":"closed","ping_status":"closed","template":"","meta":{"_et_pb_use_builder":"on","_et_pb_old_content":"","_et_gb_content_width":"","footnotes":""},"class_list":["post-43","page","type-page","status-publish","hentry"],"_links":{"self":[{"href":"https:\/\/anagua.com.br\/index.php?rest_route=\/wp\/v2\/pages\/43","targetHints":{"allow":["GET"]}}],"collection":[{"href":"https:\/\/anagua.com.br\/index.php?rest_route=\/wp\/v2\/pages"}],"about":[{"href":"https:\/\/anagua.com.br\/index.php?rest_route=\/wp\/v2\/types\/page"}],"author":[{"embeddable":true,"href":"https:\/\/anagua.com.br\/index.php?rest_route=\/wp\/v2\/users\/1"}],"replies":[{"embeddable":true,"href":"https:\/\/anagua.com.br\/index.php?rest_route=%2Fwp%2Fv2%2Fcomments&post=43"}],"version-history":[{"count":4,"href":"https:\/\/anagua.com.br\/index.php?rest_route=\/wp\/v2\/pages\/43\/revisions"}],"predecessor-version":[{"id":263,"href":"https:\/\/anagua.com.br\/index.php?rest_route=\/wp\/v2\/pages\/43\/revisions\/263"}],"wp:attachment":[{"href":"https:\/\/anagua.com.br\/index.php?rest_route=%2Fwp%2Fv2%2Fmedia&parent=43"}],"curies":[{"name":"wp","href":"https:\/\/api.w.org\/{rel}","templated":true}]}}